452.
12
Let q(c) = 14*c**2 + 5*c + 3. Let r be q(-1). Calculate the greatest common divisor of 24 and r.
12
Let s = 133 - 128. Let f(t) = t**3 - 2*t**2 + 2*t. Let k be f(5). Calculate the highest common divisor of s and k.
5
Suppose -4*b = -3*b - 5. Suppose -163 = -4*p - 3*y, 3 = b*y - 2. What is the highest common divisor of 8 and p?
8
Suppose -2*z = -5*z + 24. Suppose 5*c - z = 2. Let y(n) = -4*n + 58. Let l be y(12). What is the highest common divisor of l and c?
2
Let f be 68*3/24*4. Suppose -3*p + 5*n - 1 = p, -4*p - 2*n = -f. Suppose 0 = -d + 10 + p. What is the highest common factor of 24 and d?
8
Let v = 32 + -20. Let k be 8/(-6)*(-198)/v. Let d = 25 + 217. What is the highest common factor of k and d?
22
Let m = 24 + -59. Suppose y = 3*k - 2*k - 18, -4*y + k = 69. Let l = y - m. Calculate the greatest common divisor of l and 144.
18
Let t(l) = l - 19. Let m be t(-9). Let i be m/6*(-990)/77. What is the greatest common factor of i and 90?
30
Let u be 42*2*3/4. What is the greatest common divisor of u and 21?
21
Let n = 199 - 4. Let u = 1848 + -1809. What is the greatest common divisor of u and n?
39
Let d = -14 + 49. Suppose -33 - 9 = -6*n. Calculate the greatest common factor of n and d.
7
Let t be (-104)/(-26) + 3 + 530/2. What is the greatest common divisor of t and 34?
34
Let y = 2200 + -1924. Calculate the greatest common factor of y and 897.
69
Let y be (-83)/(-9) - (6 + 364/(-63)). What is the greatest common factor of 171 and y?
9
Let v(b) = 9*b - 7. Let n be v(6). Let w = 32 + -46. Let z = n + w. What is the highest common divisor of 3 and z?
3
Let d(s) = 82*s - 105. Let p be d(6). What is the highest common factor of p and 18?
9
Let d be ((-12)/44)/(-3) + 4650/33. Calculate the highest common divisor of 188 and d.
47
Let b = -123 - -267. What is the greatest common factor of 162 and b?
18
Suppose 3*w - 9 = 24. Suppose 0 = -2*h + 9 + w. Let v(y) = 33*y + 533. Let d be v(-16). Calculate the highest common divisor of h and d.
5
Let n be (7 - 3 - 4)/(-3). Suppose n = 31*g - 32*g + 2. Suppose 0 = -u + 3. What is the highest common factor of u and g?
1
Suppose 0 = 2*k - 4*f - 107 - 83, k - 3*f = 90. Suppose -4*b = -b - k. What is the greatest common divisor of b and 175?
35
Suppose -j = -5*t + j + 36, 2*t - 5*j - 27 = 0. Let h(m) = 54*m**3 + m - 1. Let b be h(1). Calculate the highest common factor of t and b.
6
Suppose 0 = -4*f + 2*f + 4. Let y be (f + -2 - 20)*-1. Suppose 0 = 5*r - 0*r + y, 4*t - 52 = 4*r. What is the greatest common divisor of 45 and t?
9
Let m be (-2)/4 - 36/(-24). Let v(o) = 27*o**2 + 1. Let u be v(m). Calculate the highest common divisor of u and 14.
14
Let g be (-10)/(-35) - 733/(-7). Suppose 2*a - 31 = 11. Calculate the greatest common factor of a and g.
21
Let b be 620/35 + (-1 - 18/(-14)). Suppose 60 = b*t - 16*t. Calculate the greatest common factor of t and 150.
30
Let w(x) = -x**2 + 57*x + 90. Let h be w(42). What is the greatest common factor of 48 and h?
48
Suppose 0*j - j + 5*q - 189 = 0, 5*q = 3*j + 517. Let w = j - -263. Let b be ((-27)/(-12))/((-1)/(-4)). What is the greatest common divisor of w and b?
9
Let n = 215 + -138. Calculate the greatest common factor of n and 7.
7
Let s(q) = -110*q**2 - 4*q. Let w be s(5). Let h = 51 - 16. Let r be w/(-14) - (-5)/h. What is the greatest common divisor of r and 22?
22
Let d = 1197 + -969. Calculate the greatest common divisor of 36 and d.
12
Let u be (-46 - -1 - 0)*84/(-105). What is the greatest common divisor of u and 180?
36
Let z be 77 - (-8 + 10 - (-2)/2). Suppose 0 = 5*m - 2*j - z, 6*m - 26 = 4*m + 2*j. Calculate the highest common divisor of 48 and m.
16
Let r be 0/(-7)*1/2*-1. Suppose -3*l = -4*b + 768, 3*l = b - r*l - 192. What is the greatest common factor of b and 32?
32
Let g be 70/22 - 70/385. Suppose 2*x = -g*c + 160, 0 = c - 0*x + x - 54. Suppose 0 = 4*m - w - w - 42, 3*w = 15. What is the greatest common divisor of c and m?
13
Let r be 24/6 - 88/(-2). Let s(q) = r - 31 + 0*q + q + 0*q. Let p be s(-11). What is the highest common factor of p and 30?
6
Suppose 0 = 5*r - h - 766, 2*h + 28 = -5*r + 806. Let o = 32 + -18. What is the highest common factor of r and o?
14
Suppose -3*w = -r + 95, -6*w = -3*w - 2*r + 100. Let a = w + 47. Suppose -2*h + 3*c - 16 = -155, 5*c + 5 = 0. Calculate the highest common divisor of h and a.
17
Let b(g) = -g**2 + 3*g + 49. Let r be b(0). Calculate the highest common divisor of 21 and r.
7
Suppose 8 = 150*n - 146*n. Suppose 0 = -0*k + n*k + 10, 3*k - 390 = -5*c. What is the highest common factor of 54 and c?
27
Let z(m) = 4*m + 61. Let a be z(-8). What is the greatest common factor of 203 and a?
29
Let n = -141 - -160. Calculate the greatest common divisor of n and 76.
19
Let m be (162/(-72) + (-3 - -1))*-100. Calculate the highest common factor of m and 25.
25
Let d be (1 - (2 - 1))/2. Suppose -2*m - 2*l + 32 = 0, m = -0*m - 5*l + 16. Suppose 4*n + d*n = m. Calculate the highest common factor of n and 44.
4
Let r be (-10)/6 + (-2)/6. Let x be (2 - 6) + (-1 - -4). Let m be x + (r - -1) - -18. What is the highest common divisor of m and 2?
2
Let h be (-10)/(-2) + 6/3 + 1. Let j = h + -2. Calculate the highest common divisor of 6 and j.
6
Let v be 2 - (3 + -9) - 3. Suppose 0 = -2*c + v*w - 4*w + 493, -2*c + 499 = w. What is the greatest common divisor of c and 31?
31
Let l(b) = 19*b + 81. Let w be l(21). Suppose 41*d - 37*d - w = 0. Calculate the greatest common divisor of 24 and d.
24
Suppose -5*j + 32 = -3*i, 2*j + 6 = -4*i - 2. Suppose 834 - 321 = j*z + 3*n, z - 137 = n. What is the highest common factor of z and 33?
33
Let o = 64 + -34. Let u(c) = 2*c**2 + 17*c + 53. Let h be u(-5). Calculate the greatest common factor of o and h.
6
Let j(a) = -a**3 - 4*a**2 - 9. Let x be j(-3). Let t be -1*(x - -3)/3. Let s(b) = -14*b - 3. Let p be s(-2). Calculate the greatest common factor of t and p.
5
Let g(f) = -51*f - 1. Let z be g(-1). Suppose -z = -4*l - 2*o + 3*o, l - o - 14 = 0. Calculate the highest common divisor of 12 and l.
12
Let g be (435/(-4))/(-1)*(183 + -179). Calculate the greatest common factor of g and 609.
87
Let u(b) = -9*b**3 - 2*b**2 - 2*b - 1. Let d be u(-1). Let r be 28/8*-1*d. Let j = 12 - r. Calculate the highest common divisor of 4 and j.
4
Suppose -3*d = -3*q - 129, 2*d + 5*q - 19 = 46. What is the greatest common factor of 70 and d?
10
Let j be 109/1 + (-66 - -61). What is the highest common factor of j and 1196?
52
Let l be (1/(-3))/(24/(-144)). Suppose -3 = -l*u + 7. What is the greatest common divisor of u and 20?
5
Let s be (-58)/3 - (-6)/(-9). Let m = 359 - 330. Let y = s + m. Calculate the greatest common divisor of y and 1.
1
Let m be ((-56)/20)/((-2)/5). Suppose 0*y = -5*y + 45. Let c = 5 + y. What is the greatest common factor of m and c?
7
Let s(p) = -15*p - 311. Let y be s(-21). Let d be -3 + (4*5 - -3). Calculate the highest common factor of d and y.
4
Let m(z) = -3*z**2 - 26*z - 22. Let n be m(-6). What is the highest common divisor of 247 and n?
13
Let i = -5 + 7. Suppose i*w - 4*g + 5 = -g, -3*g = w - 11. Suppose -5*c - w*p + 50 = 0, -c = -2*p - 7 - 15. Calculate the highest common factor of 132 and c.
12
Suppose -4*c + 2*c + 130 = 4*s, 55 = 2*s + 3*c. Calculate the greatest common factor of s and 14.
7
Let a = 1 + 4. Let k(o) = 8*o - 2. Let z be k(2). Suppose 3*j - 1 = z. What is the highest common factor of a and j?
5
Let r = 1952 + -1832. Calculate the greatest common divisor of 408 and r.
24
Suppose 3*z - 3*j - 78 = 0, 4*j - 1 = -17. Let v = -523 + 765. Calculate the highest common factor of z and v.
22
Let j(n) = 14*n - 469. Let m be j(45). Calculate the greatest common factor of 46 and m.
23
Let c(l) = 0*l + l + 6*l - 23 - l. Let a be c(7). Calculate the greatest common factor of a and 76.
19
Let l be -7 + (-266)/(-42) + 310/6. What is the highest common factor of 6 and l?
3
Let q(l) = l**3 - 3*l**2 + 2. Let h be q(3). Suppose h*x = -0*x - 8, -4*m + 5*x = -320. Calculate the greatest common factor of m and 15.
15
Let b = 87 + -3. Suppose z + 3*z = b. Let f be ((-8)/6)/((-3)/378). Calculate the greatest common divisor of f and z.
21
Let i(o) = o + 4. Let z be i(0). What is the greatest common divisor of z and 44?
4
Let b(o) = o**3 - o**2 - o + 16. Let d be b(0). Supp